40 a multiple of 42?
False
Is 16 a factor of 211415?
False
Does 10 divide 102938?
False
Is 871205 a multiple of 170?
False
Does 4 divide 332639?
False
Does 39 divide 136773?
True
Does 46 divide 39640?
False
Is 12252 a multiple of 15?
False
Does 4 divide 512144?
True
Does 92 divide 1056083?
False
Does 232 divide 1711506?
False
Is 2466441 a multiple of 370?
False
Is 29 a factor of 110503?
False
Is 156 a factor of 8463?
False
Is 241650 a multiple of 78?
False
Does 90 divide 7313490?
True
Does 20 divide 290686?
False
Is 630 a factor of 1018903?
False
Is 16 a factor of 135106?
False
Does 23 divide 6710595?
True
Does 71 divide 73272?
True
Is 17 a factor of 960534?
True
Does 21 divide 847371?
True
Is 42 a factor of 32760?
True
Does 625 divide 903437?
False
Is 194 a factor of 691804?
True
Is 2258558 a multiple of 80?
False
Is 5839421 a multiple of 329?
True
Does 22 divide 474254?
True
Does 168 divide 2427432?
True
Is 9686928 a multiple of 100?
False
Is 5 a factor of 3791305?
True
Does 531 divide 136998?
True
Is 318687 a multiple of 656?
False
Is 406973 a multiple of 26?
False
Is 3364359 a multiple of 969?
False
Is 74 a factor of 115736?
True
Is 1215 a factor of 12540015?
True
Is 4 a factor of 340854?
False
Does 4 divide 1921991?
False
Is 37 a factor of 196716?
False
Is 882899 a multiple of 25?
False
Is 991 a factor of 4766710?
True
Does 145 divide 127944?
False
Is 53 a factor of 46587?
True
Is 134 a factor of 2840934?
True
Does 46 divide 433412?
True
Is 460768 a multiple of 28?
True
Is 2956095 a multiple of 9?
True
Is 15 a factor of 108195?
True
Is 91 a factor of 325962?
True
Does 73 divide 367581?
False
Does 26 divide 5512?
True
Is 85 a factor of 4957922?
False
Is 462608 a multiple of 9?
False
Does 45 divide 270180?
True
Is 124308 a multiple of 6?
True
Is 522549 a multiple of 16?
False
Does 13 divide 164359?
True
Is 700 a factor of 7791916?
False
Does 435 divide 58290?
True
Does 1256 divide 9708880?
True
Is 225 a factor of 230175?
True
Is 119375 a multiple of 5?
True
Is 175 a factor of 331651?
False
Does 11 divide 3937218?
False
Does 11 divide 425095?
True
Is 56 a factor of 81760?
True
Is 1935125 a multiple of 110?
False
Is 9 a factor of 1427594?
False
Is 19 a factor of 189840?
False
Is 17565538 a multiple of 38?
True
Is 351 a factor of 1026023?
False
Is 126600 a multiple of 75?
True
Is 669600 a multiple of 90?
True
Is 19 a factor of 178999?
True
Does 32 divide 190095?
False
Is 52 a factor of 177060?
True
Does 3 divide 164553?
True
Is 870638 a multiple of 15?
False
Is 45 a factor of 54959?
False
Is 645 a factor of 1360950?
True
Does 283 divide 3239784?
True
Is 6465552 a multiple of 1004?
False
Is 62 a factor of 27883?
False
Is 2598039 a multiple of 17?
False
Does 430 divide 14478099?
False
Is 5 a factor of 30483?
False
Does 1525 divide 1236103?
False
Is 10 a factor of 44950?
True
Does 11 divide 5038?
True
Does 5 divide 10451495?
True
Does 114 divide 19252016?
False
Is 526 a factor of 1697402?
True
Does 16 divide 31112?
False
Is 19969460 a multiple of 343?
True
Is 13 a factor of 3117208?
False
Is 10 a factor of 7358084?
False
Is 724924 a multiple of 52?
False
Does 263 divide 3427?
False
Is 154252 a multiple of 384?
False
Is 100 a factor of 8706562?
False
Does 93 divide 212877?
True
Is 5272038 a multiple of 17?
False
Is 13 a factor of 1633879?
True
Is 77 a factor of 6804567?
True
Is 658934 a multiple of 58?
False
Is 5 a factor of 5590?
True
Is 530610 a multiple of 63?
False
Does 14 divide 109176?
False
Is 18 a factor of 1518408?
True
Is 4871847 a multiple of 17?
False
Is 2105790 a multiple of 10?
True
Is 71 a factor of 2568092?
False
Does 9 divide 352764?
True
Does 479 divide 2314207?
False
Does 23 divide 75923?
True
Is 7 a factor of 290143?
True
Is 9049 a multiple of 22?
False
Is 128784 a multiple of 12?
True
Is 1180476 a multiple of 363?
True
Is 22968 a multiple of 87?
True
Is 187332 a multiple of 268?
True
Does 5 divide 14278?
False
Is 45010 a multiple of 28?
False
Is 2 a factor of 674661?
False
Is 1868 a multiple of 33?
False
Does 228 divide 184942?
False
Does 179 divide 70705?
True
Does 9 divide 182965?
False
Is 6197051 a multiple of 186?
False
Is 17 a factor of 3804464?
True
Does 19 divide 360278?
True
Does 22 divide 682533?
False
Is 6355496 a multiple of 392?
True
Is 68 a factor of 424320?
True
Does 29 divide 6306543?
True
Is 46 a factor of 232346?
True
Does 5 divide 2730770?
True
Is 412450 a multiple of 226?
True
Is 97 a factor of 421271?
True
Does 99 divide 1638648?
True
Is 58 a factor of 3701?
False
Is 78952 a multiple of 139?
True
Is 559245 a multiple of 15?
True
Is 656866 a multiple of 23?
False
Is 43500 a multiple of 3?
True
Is 886074 a multiple of 31?
False
Is 231 a factor of 14126574?
True
Does 22 divide 2568698?
True
Does 715 divide 8707052?
False
Does 222 divide 671526?
False
Is 61 a factor of 9211?
True
Does 23 divide 25126?
False
Is 6 a factor of 364134?
True
Does 11 divide 52756?
True
Is 2490097 a multiple of 827?
True
Is 174569 a multiple of 23?
False
Does 195 divide 98085?
True
Does 60 divide 4909260?
True
Is 24 a factor of 1719216?
True
Does 8 divide 13680?
True
Is 562511 a multiple of 37?
True
Does 35 divide 810635?
True
Does 79 divide 1354250?
False
Is 9 a factor of 47746?
False
Is 37 a factor of 185513?
False
Does 22 divide 1131989?
False
Is 1712336 a multiple of 468?
False
Is 1091047 a multiple of 58?
False
Is 3314870 a multiple of 130?
True
Is 130595 a multiple of 10?
False
Is 297273 a multiple of 617?
False
Does 10 divide 89570?
True
Does 83 divide 1020165?
False
Does 540 divide 319579?
False
Is 1786359 a multiple of 111?
False
Is 29 a factor of 275036?
True
Is 73 a factor of 211627?
True
Is 1048621 a multiple of 48?
False
Is 5432 a multiple of 15?
False
Is 125 a factor of 3100984?
False
Is 298 a factor of 6969028?
True
Does 24 divide 3169934?
False
Does 16 divide 1417920?
True
Does 167 divide 1488027?
False
Does 26 divide 47179?
False
Is 447657 a multiple of 1270?
False
Is 3 a factor of 347496?
True
Does 93 divide 1766814?
True
Is 294 a factor of 20286?
True
Does 8 divide 79792?
True
Is 860 a factor of 113885?
False
Does 34 divide 951864?
True
Is 114758 a multiple of 35?
False
Is 264784 a multiple of 152?
True
Does 34 divide 15028?
True
Is 52 a factor of 1332370?
False
Does 72 divide 5879016?
True
Is 5297091 a multiple of 47?
False
Is 169 a factor of 239289?
False
Is 19378 a multiple of 69?
False
Is 266976 a multiple of 8?
True
Does 2 divide 106547?
False
Is 19 a factor of 5451651?
True
Is 2 a factor of 3989?
False
Is 14 a factor of 271271?
False
Does 27 divide 48521?
False
Is 71 a factor of 6372737?
False
Is 4048349 a multiple of 33?
False
Does 22 divide 65887?
False
Is 430200 a multiple of 100?
True
Is 88 a factor of 61688?
True
Is 3 a factor of 32338?
False
Does 319 divide 54868?
True
Does 34 divide 20536?
True
Is 12260683 a multiple of 10?
False
Does 62 divide 478298?
False
Is 92 a factor of 815196?
False
Is 519018 a multiple of 49?
False
Does 33 divide 4530349?
False
Is 1121922 a multiple of 9?
True
Is 3730498 a multiple of 312?
False
Does 805 divide 3015085?
False
Is 20 a factor of 402400?
True
Is 104133 a multiple of 56?
False
Does 866 divide 12441213?
False
Is 25 a factor of 6725?
True
Is 112368 a multiple of 100?
False
Is 71 a factor of 4331?
True
Is 188 a factor of 183268?
False
Is 78588 a multiple of 41?
False
Is 7367 a multiple of 13?
False
Is 1029360 a multiple of 15?
True
Is 590652 a multiple of 83?
False
Is 229 a factor of 4708406?
False
Is 439278 a multiple of 14?
True
Is 260 a factor of 1464320?
True
Does 18 divide 205470?
True
Is 545 a factor of 765180?
True
Is 1044 a factor of 390419?
False
Does 4 divide 22142?
False
Is 8722280 a multiple of 363?
False
Is 34 a factor of 32538?
True
Does 137 divide 12387814?
True
Does 385 divide 240564?
False
Does 12 divide 146184?
True
Does 1635 divide 6137307?
False
Is 29 a factor of 229816?
False
Is 58514 a multiple of 34?
True
Is 9 a factor of 67831?
False
Is 206340 a multiple of 114?
True
Is 5406424 a multiple of 14?
False
Is 12 a factor of 16091?
False
Is 356126 a multiple of 101?
True
Does 440 divide 1614122?
False
Is 325296 a multiple of 18?
True
Is 318681 a multiple of 87?
True
Is 1205130 a multiple of 417?
True
Is 72 a factor of 4461840?
True
Does 468 divid